{"id":44,"date":"2018-04-16T10:40:03","date_gmt":"2018-04-16T08:40:03","guid":{"rendered":"http:\/\/steffikirstenpfad.de\/?page_id=44"},"modified":"2020-01-11T10:58:29","modified_gmt":"2020-01-11T09:58:29","slug":"datenschutzrichtlinien","status":"publish","type":"page","link":"https:\/\/steffikirstenpfad.de\/?page_id=44","title":{"rendered":"Datenschutzrichtlinien"},"content":{"rendered":"<h1>DATENSCHUTZERKL\u00c4RUNG<\/h1>\n<p><em>Urheberrecht<\/em><br \/>\nS\u00e4mtliche auf dieser Internetseite ver\u00f6ffentlichten Inhalte und Werke sind urheberrechtlich gesch\u00fctzt und unterliegen \u2013 sofern nicht anders gekennzeichnet \u2013 dem Copyright von Steffi Kirstenpfad Fotografie. Logos, Grafiken, Texte, Bilder oder Videos auf diesen Internetseiten d\u00fcrfen nur nach vorheriger schriftlicher Genehmigung durch Steffi Kirstenpfad kopiert, gespeichert, vervielf\u00e4ltigt, ge\u00e4ndert, ver\u00f6ffentlicht, heruntergeladen, versendet, \u00fcbertragen oder auf sonstige Weise genutzt werden.<\/p>\n<p><em>Haftungsausschluss<\/em><br \/>\nDer Autor \u00fcbernimmt keinerlei Gew\u00e4hr hinsichtlich der inhaltlichen Richtigkeit, Genauigkeit, Aktualit\u00e4t, Zuverl\u00e4ssigkeit und Vollst\u00e4ndigkeit der Informationen.<br \/>\nHaftungsanspr\u00fcche gegen den Autor wegen Sch\u00e4den materieller oder immaterieller Art, welche aus dem Zugriff oder der Nutzung bzw. Nichtnutzung der ver\u00f6ffentlichten Informationen, durch Missbrauch der Verbindung oder durch technische St\u00f6rungen entstanden sind, werden ausgeschlossen.<br \/>\nAlle Angebote sind unverbindlich. Der Autor beh\u00e4lt es sich ausdr\u00fccklich vor, Teile der Seiten oder das gesamte Angebot ohne gesonderte Ank\u00fcndigung zu ver\u00e4ndern, zu erg\u00e4nzen, zu l\u00f6schen oder die Ver\u00f6ffentlichung zeitweise oder endg\u00fcltig einzustellen.<br \/>\n&nbsp;<br \/>\n<em>Haftung f\u00fcr Links<\/em><br \/>\nVerweise und Links auf Webseiten Dritter liegen ausserhalb unseres Verantwortungsbereichs. Es wird jegliche Verantwortung f\u00fcr solche Webseiten abgelehnt. Der Zugriff und die Nutzung solcher Webseiten erfolgen auf eigene Gefahr des Nutzers oder der Nutzerin.<br \/>\n&nbsp;<br \/>\n<em>Datenschutz<\/em><br \/>\nGest\u00fctzt auf Artikel 13 der schweizerischen Bundesverfassung und die datenschutzrechtlichen Bestimmungen des Bundes (Datenschutzgesetz, DSG) hat jede Person Anspruch auf Schutz ihrer Privatsph\u00e4re sowie auf Schutz vor Missbrauch ihrer pers\u00f6nlichen Daten. Wir halten diese Bestimmungen ein. Pers\u00f6nliche Daten werden streng vertraulich behandelt und weder an Dritte verkauft noch weiter gegeben.<br \/>\nIn enger Zusammenarbeit mit unseren Hosting-Providern bem\u00fchen wir uns, die Datenbanken so gut wie m\u00f6glich vor fremden Zugriffen, Verlusten, Missbrauch oder vor F\u00e4lschung zu sch\u00fctzen.<br \/>\nBeim Zugriff auf unsere Webseiten werden folgende Daten in Logfiles gespeichert: IP-Adresse, Datum, Uhrzeit, Browser-Anfrage und allg. \u00fcbertragene Informationen zum Betriebssystem resp. Browser. Diese Nutzungsdaten bilden die Basis f\u00fcr statistische, anonyme Auswertungen, so dass Trends erkennbar sind, anhand derer wir unsere Angebote entsprechend verbessern k\u00f6nnen.<\/p>\n<p><em>Datenschutzerkl\u00e4rung f\u00fcr die Nutzung von Google Analytics<\/em><br \/>\nDiese Website benutzt Google Analytics, einen Webanalysedienst der Google Inc. (&#8222;Google&#8220;). Google Analytics verwendet sog. &#8222;Cookies&#8220;, Textdateien, die auf Ihrem Computer gespeichert werden und die eine Analyse der Benutzung der Website durch Sie erm\u00f6glichen. Die durch den Cookie erzeugten Informationen \u00fcber Ihre Benutzung dieser Website werden in der Regel an einen Server von Google in den USA \u00fcbertragen und dort gespeichert. Im Falle der Aktivierung der IP-Anonymisierung auf dieser Webseite wird Ihre IP-Adresse von Google jedoch innerhalb von Mitgliedstaaten der Europ\u00e4ischen Union oder in anderen Vertragsstaaten des Abkommens \u00fcber den Europ\u00e4ischen Wirtschaftsraum zuvor gek\u00fcrzt. Nur in Ausnahmef\u00e4llen wird die volle IP-Adresse an einen Server von Google in den USA \u00fcbertragen und dort gek\u00fcrzt. Google wird diese Informationen benutzen, um Ihre Nutzung der Website auszuwerten, um Reports \u00fcber die Websiteaktivit\u00e4ten f\u00fcr die Websitebetreiber zusammenzustellen und um weitere mit der Websitenutzung und der Internetnutzung verbundene Dienstleistungen zu erbringen. Auch wird Google diese Informationen gegebenenfalls an Dritte \u00fcbertragen, sofern dies gesetzlich vorgeschrieben oder soweit Dritte diese Daten im Auftrag von Google verarbeiten. Die im Rahmen von Google Analytics von Ihrem Browser \u00fcbermittelte IP-Adresse wird nicht mit anderen Daten von Google zusammengef\u00fchrt.<br \/>\nSie k\u00f6nnen die Installation der Cookies durch eine entsprechende Einstellung Ihrer Browser Software verhindern; wir weisen Sie jedoch darauf hin, dass Sie in diesem Fall gegebenenfalls nicht s\u00e4mtliche Funktionen dieser Website voll umf\u00e4nglich nutzen k\u00f6nnen. Durch die Nutzung dieser Website erkl\u00e4ren Sie sich mit der Bearbeitung der \u00fcber Sie erhobenen Daten durch Google in der zuvor beschriebenen Art und Weise und zu dem zuvor benannten Zweck einverstanden.<\/p>\n<p><em>Datenschutzerkl\u00e4rung f\u00fcr die Nutzung von Social Media Plug-ins<\/em><br \/>\nUnser Internetauftritt verwendet \u00abSocial Plug-ins\u00bb (im Folgenden: Plug-ins) von Sozialen Netzwerken im Internet. Diese Plug-ins werden jeweils mit dem Logo des entsprechenden Netzwerks angezeigt.&nbsp;Wenn Sie eine Website mit einem derartigen Plug-in aufrufen, wird eine direkte Verbindung mit den Servern des entsprechenden sozialen Netzwerks aufgebaut. Sind Sie zu diesem Zeitpunkt bei diesem Netzwerk mit Benutzernamen und Kennwort eingeloggt, wird dieses automatisch dar\u00fcber informiert, dass &nbsp;Sie unsere Webseite besuchen. Diese Information kann Ihrem dortigen Benutzerkonto zugeordnet werden. Auch wenn Sie mit Plug-ins interagieren (also etwa die Funktionen \u00abGef\u00e4llt mir\u00bb oder \u00abTeilen\u00bb auf Facebook), werden die Inhalte unserer Seiten mit Ihrem Profil im jeweiligen Sozialen Netzwerk verlinkt. Andere Nutzer des Netzwerks k\u00f6nnen von dieser Interaktion erfahren. Wir sind weder irgendwie verbunden mit den Drittbetreibern, deren Webseiten mittels Plug-ins eingebunden sind, noch irgendwie verantwortlich f\u00fcr diese. Falls Sie nicht Mitglied des Sozialen Netzwerks sind oder dort nicht eingeloggt sind, besteht dennoch die M\u00f6glichkeit, dass Ihre IP-Adresse \u00fcbermittelt und dort gespeichert wird.&nbsp;<br \/>\nF\u00fcr mittels Plug-ins eingebundene Webseiten von Drittbetreibern gelten spezifische Datenschutzrichtlinien und Haftungsregelungen. Wir weisen darauf hin, dass wir als Anbieter der Seiten keine Kenntnis vom Inhalt der \u00fcbermittelten Daten sowie deren Nutzung erhalten und auch keinen Einfluss darauf haben. Bitte informieren Sie sich daher selber \u00fcber die Datenschutzrichtlinien der Drittbetreiber:<\/p>\n<p>FACEBOOK<br \/>\nBetreiber: Facebook Inc., 1601 S. Californium Ave, Pale Alto, CA 94304, USA<br \/>\n<a href=\"https:\/\/de-de.facebook.com\/about\/privacy\/\" target=\"_blank\" rel=\"noopener noreferrer\">Datenschutzerkl\u00e4rung<\/a><\/p>\n<p>INSTAGRAM<br \/>\nBetreiber: Instagram Inc., 1601 Willow Road, Menlo Park, California 94025, USA<br \/>\n<a href=\"https:\/\/help.instagram.com\/155833707900388\/\" target=\"_blank\" rel=\"noopener noreferrer\">Datenschutzerkl\u00e4rung<\/a><\/p>\n<p>YOUTUBE<br \/>\nBetreiber: Google Inc., 1600 Amphitheatre Parkway Mountain View, California 94043, USA<br \/>\n<a href=\"https:\/\/www.google.com\/intl\/de\/policies\/privacy\/\" target=\"_blank\" rel=\"noopener noreferrer\">Datenschutzerkl\u00e4rung<\/a><\/p>\n","protected":false},"excerpt":{"rendered":"<p>DATENSCHUTZERKL\u00c4RUNG Urheberrecht S\u00e4mtliche auf dieser Internetseite ver\u00f6ffentlichten Inhalte und Werke sind urheberrechtlich gesch\u00fctzt und unterliegen \u2013 sofern nicht anders gekennzeichnet \u2013 dem Copyright von Steffi Kirstenpfad Fotografie. Logos, Grafiken, Texte, Bilder oder Videos auf diesen Internetseiten d\u00fcrfen nur nach vorheriger schriftlicher Genehmigung durch Steffi Kirstenpfad kopiert, gespeichert, vervielf\u00e4ltigt, ge\u00e4ndert, ver\u00f6ffentlicht, heruntergeladen, versendet, \u00fcbertragen oder auf &hellip; <\/p>\n","protected":false},"author":1,"featured_media":0,"parent":0,"menu_order":0,"comment_status":"closed","ping_status":"closed","template":"","meta":{"footnotes":""},"class_list":["post-44","page","type-page","status-publish","hentry"],"_links":{"self":[{"href":"https:\/\/steffikirstenpfad.de\/index.php?rest_route=\/wp\/v2\/pages\/44","targetHints":{"allow":["GET"]}}],"collection":[{"href":"https:\/\/steffikirstenpfad.de\/index.php?rest_route=\/wp\/v2\/pages"}],"about":[{"href":"https:\/\/steffikirstenpfad.de\/index.php?rest_route=\/wp\/v2\/types\/page"}],"author":[{"embeddable":true,"href":"https:\/\/steffikirstenpfad.de\/index.php?rest_route=\/wp\/v2\/users\/1"}],"replies":[{"embeddable":true,"href":"https:\/\/steffikirstenpfad.de\/index.php?rest_route=%2Fwp%2Fv2%2Fcomments&post=44"}],"version-history":[{"count":2,"href":"https:\/\/steffikirstenpfad.de\/index.php?rest_route=\/wp\/v2\/pages\/44\/revisions"}],"predecessor-version":[{"id":1863,"href":"https:\/\/steffikirstenpfad.de\/index.php?rest_route=\/wp\/v2\/pages\/44\/revisions\/1863"}],"wp:attachment":[{"href":"https:\/\/steffikirstenpfad.de\/index.php?rest_route=%2Fwp%2Fv2%2Fmedia&parent=44"}],"curies":[{"name":"wp","href":"https:\/\/api.w.org\/{rel}","templated":true}]}}

<h1>DATENSCHUTZERKLÄRUNG</h1>
<p><em>Urheberrecht</em><br />
Sämtliche auf dieser Internetseite veröffentlichten Inhalte und Werke sind urheberrechtlich geschützt und unterliegen – sofern nicht anders gekennzeichnet – dem Copyright von Steffi Kirstenpfad Fotografie. Logos, Grafiken, Texte, Bilder oder Videos auf diesen Internetseiten dürfen nur nach vorheriger schriftlicher Genehmigung durch Steffi Kirstenpfad kopiert, gespeichert, vervielfältigt, geändert, veröffentlicht, heruntergeladen, versendet, übertragen oder auf sonstige Weise genutzt werden.</p>
<p><em>Haftungsausschluss</em><br />
Der Autor übernimmt keinerlei Gewähr hinsichtlich der inhaltlichen Richtigkeit, Genauigkeit, Aktualität, Zuverlässigkeit und Vollständigkeit der Informationen.<br />
Haftungsansprüche gegen den Autor wegen Schäden materieller oder immaterieller Art, welche aus dem Zugriff oder der Nutzung bzw. Nichtnutzung der veröffentlichten Informationen, durch Missbrauch der Verbindung oder durch technische Störungen entstanden sind, werden ausgeschlossen.<br />
Alle Angebote sind unverbindlich. Der Autor behält es sich ausdrücklich vor, Teile der Seiten oder das gesamte Angebot ohne gesonderte Ankündigung zu verändern, zu ergänzen, zu löschen oder die Veröffentlichung zeitweise oder endgültig einzustellen.<br />
&nbsp;<br />
<em>Haftung für Links</em><br />
Verweise und Links auf Webseiten Dritter liegen ausserhalb unseres Verantwortungsbereichs. Es wird jegliche Verantwortung für solche Webseiten abgelehnt. Der Zugriff und die Nutzung solcher Webseiten erfolgen auf eigene Gefahr des Nutzers oder der Nutzerin.<br />
&nbsp;<br />
<em>Datenschutz</em><br />
Gestützt auf Artikel 13 der schweizerischen Bundesverfassung und die datenschutzrechtlichen Bestimmungen des Bundes (Datenschutzgesetz, DSG) hat jede Person Anspruch auf Schutz ihrer Privatsphäre sowie auf Schutz vor Missbrauch ihrer persönlichen Daten. Wir halten diese Bestimmungen ein. Persönliche Daten werden streng vertraulich behandelt und weder an Dritte verkauft noch weiter gegeben.<br />
In enger Zusammenarbeit mit unseren Hosting-Providern bemühen wir uns, die Datenbanken so gut wie möglich vor fremden Zugriffen, Verlusten, Missbrauch oder vor Fälschung zu schützen.<br />
Beim Zugriff auf unsere Webseiten werden folgende Daten in Logfiles gespeichert: IP-Adresse, Datum, Uhrzeit, Browser-Anfrage und allg. übertragene Informationen zum Betriebssystem resp. Browser. Diese Nutzungsdaten bilden die Basis für statistische, anonyme Auswertungen, so dass Trends erkennbar sind, anhand derer wir unsere Angebote entsprechend verbessern können.</p>
<p><em>Datenschutzerklärung für die Nutzung von Google Analytics</em><br />
Diese Website benutzt Google Analytics, einen Webanalysedienst der Google Inc. (&#8222;Google&#8220;). Google Analytics verwendet sog. &#8222;Cookies&#8220;, Textdateien, die auf Ihrem Computer gespeichert werden und die eine Analyse der Benutzung der Website durch Sie ermöglichen. Die durch den Cookie erzeugten Informationen über Ihre Benutzung dieser Website werden in der Regel an einen Server von Google in den USA übertragen und dort gespeichert. Im Falle der Aktivierung der IP-Anonymisierung auf dieser Webseite wird Ihre IP-Adresse von Google jedoch innerhalb von Mitgliedstaaten der Europäischen Union oder in anderen Vertragsstaaten des Abkommens über den Europäischen Wirtschaftsraum zuvor gekürzt. Nur in Ausnahmefällen wird die volle IP-Adresse an einen Server von Google in den USA übertragen und dort gekürzt. Google wird diese Informationen benutzen, um Ihre Nutzung der Website auszuwerten, um Reports über die Websiteaktivitäten für die Websitebetreiber zusammenzustellen und um weitere mit der Websitenutzung und der Internetnutzung verbundene Dienstleistungen zu erbringen. Auch wird Google diese Informationen gegebenenfalls an Dritte übertragen, sofern dies gesetzlich vorgeschrieben oder soweit Dritte diese Daten im Auftrag von Google verarbeiten. Die im Rahmen von Google Analytics von Ihrem Browser übermittelte IP-Adresse wird nicht mit anderen Daten von Google zusammengeführt.<br />
Sie können die Installation der Cookies durch eine entsprechende Einstellung Ihrer Browser Software verhindern; wir weisen Sie jedoch darauf hin, dass Sie in diesem Fall gegebenenfalls nicht sämtliche Funktionen dieser Website voll umfänglich nutzen können. Durch die Nutzung dieser Website erklären Sie sich mit der Bearbeitung der über Sie erhobenen Daten durch Google in der zuvor beschriebenen Art und Weise und zu dem zuvor benannten Zweck einverstanden.</p>
<p><em>Datenschutzerklärung für die Nutzung von Social Media Plug-ins</em><br />
Unser Internetauftritt verwendet «Social Plug-ins» (im Folgenden: Plug-ins) von Sozialen Netzwerken im Internet. Diese Plug-ins werden jeweils mit dem Logo des entsprechenden Netzwerks angezeigt.&nbsp;Wenn Sie eine Website mit einem derartigen Plug-in aufrufen, wird eine direkte Verbindung mit den Servern des entsprechenden sozialen Netzwerks aufgebaut. Sind Sie zu diesem Zeitpunkt bei diesem Netzwerk mit Benutzernamen und Kennwort eingeloggt, wird dieses automatisch darüber informiert, dass &nbsp;Sie unsere Webseite besuchen. Diese Information kann Ihrem dortigen Benutzerkonto zugeordnet werden. Auch wenn Sie mit Plug-ins interagieren (also etwa die Funktionen «Gefällt mir» oder «Teilen» auf Facebook), werden die Inhalte unserer Seiten mit Ihrem Profil im jeweiligen Sozialen Netzwerk verlinkt. Andere Nutzer des Netzwerks können von dieser Interaktion erfahren. Wir sind weder irgendwie verbunden mit den Drittbetreibern, deren Webseiten mittels Plug-ins eingebunden sind, noch irgendwie verantwortlich für diese. Falls Sie nicht Mitglied des Sozialen Netzwerks sind oder dort nicht eingeloggt sind, besteht dennoch die Möglichkeit, dass Ihre IP-Adresse übermittelt und dort gespeichert wird.&nbsp;<br />
Für mittels Plug-ins eingebundene Webseiten von Drittbetreibern gelten spezifische Datenschutzrichtlinien und Haftungsregelungen. Wir weisen darauf hin, dass wir als Anbieter der Seiten keine Kenntnis vom Inhalt der übermittelten Daten sowie deren Nutzung erhalten und auch keinen Einfluss darauf haben. Bitte informieren Sie sich daher selber über die Datenschutzrichtlinien der Drittbetreiber:</p>
<p>FACEBOOK<br />
Betreiber: Facebook Inc., 1601 S. Californium Ave, Pale Alto, CA 94304, USA<br />
<a href="https://de-de.facebook.com/about/privacy/" target="_blank" rel="noopener noreferrer">Datenschutzerklärung</a></p>
<p>INSTAGRAM<br />
Betreiber: Instagram Inc., 1601 Willow Road, Menlo Park, California 94025, USA<br />
<a href="https://help.instagram.com/155833707900388/" target="_blank" rel="noopener noreferrer">Datenschutzerklärung</a></p>
<p>YOUTUBE<br />
Betreiber: Google Inc., 1600 Amphitheatre Parkway Mountain View, California 94043, USA<br />
<a href="https://www.google.com/intl/de/policies/privacy/" target="_blank" rel="noopener noreferrer">Datenschutzerklärung</a></p>

<p>DATENSCHUTZERKLÄRUNG Urheberrecht Sämtliche auf dieser Internetseite veröffentlichten Inhalte und Werke sind urheberrechtlich geschützt und unterliegen – sofern nicht anders gekennzeichnet – dem Copyright von Steffi Kirstenpfad Fotografie. Logos, Grafiken, Texte, Bilder oder Videos auf diesen Internetseiten dürfen nur nach vorheriger schriftlicher Genehmigung durch Steffi Kirstenpfad kopiert, gespeichert, vervielfältigt, geändert, veröffentlicht, heruntergeladen, versendet, übertragen oder auf &hellip; </p>
